2*n**2 - 1. Let v be j(3). What is the greatest common factor of y and v?
17
Let n(p) = -p**3 + p**2 + 2. Let m be n(-2). Suppose 0*f - w = 3*f - 80, -4*f + w = -116. Calculate the highest common divisor of m and f.
14
Suppose 4*l - z - 1912 = 0, -2*l + 0*l - 5*z + 934 = 0. Calculate the greatest common divisor of l and 53.
53
Suppose 0 = 7*g - 2*g. Suppose g = -l + 2. Suppose i - 4*a + 3 = 0, -5*i = -l*a + 10 - 31. What is the highest common factor of i and 5?
5
Suppose 0*w = -w + 4. What is the highest common factor of 28 and w?
4
Let y be 41 + 1/2*-4. Let j = y - 19. What is the highest common factor of 20 and j?
20
Let r be 37 + -2 + (-2 - 1). Suppose 2*y + 3*t + 2*t - r = 0, -2*y + 3*t + 16 = 0. Calculate the greatest common divisor of y and 99.
11
Suppose -d - 3 + 0 = -2*m, 5*d - 27 = -4*m. Suppose 12 = 2*r + v, -m*r - 5*v = -v - 18. What is the highest common divisor of 4 and r?
2
Let c = 116 - 74. Calculate the greatest common factor of c and 42.
42
Let g be (5/((-10)/4))/((-2)/52). Calculate the highest common factor of g and 4.
4
Suppose 3*a = -0*a + 24. What is the highest common factor of 32 and a?
8
Suppose 4*o - 5*m - 66 = 0, -6*o + 22 = -5*o - 4*m. Suppose 3*d = 2*d + 35. Calculate the highest common factor of d and o.
7
Suppose -i + 3*q + 23 = 0, 2*q - q + 3 = 0. Suppose 5*a + 4 + 1 = 3*h, 0 = -h + 5. Calculate the greatest common divisor of a and i.
2
Suppose 0 = 4*z + d + 85, -67 = -z + 4*z + 4*d. Let c = -12 - z. Suppose 2*m = 3*f + 195, -2*f = 3*m - 260 - 39. What is the greatest common factor of m and c?
9
Let v be 8/(-2 + 4)*9. Calculate the greatest common divisor of v and 54.
18
Let i = 23 + -13. Suppose -3*k + 5*u + 28 = 0, -2 = -k + 2*k + 4*u. Let p(r) = r**2 + 3*r - 4. Let s be p(k). Calculate the greatest common divisor of i and s.
10
Let k = 10 + -6. Suppose -l + 4*q - 12 = 0, -k*l - 4*q + 10 = -2. Let x = l - -2. Calculate the highest common factor of 5 and x.
1
Let v be 2/(-8) - 41/(-4). What is the highest common factor of v and 60?
10
Suppose 3*z = 2*z + 2. Suppose v + 2*g = -1, 0*v + 5*g + 5 = -z*v. What is the highest common divisor of v and 40?
5
Suppose -27 = -m + 10. Let c = m - -3. Let a(u) = u + 10. Let y be a(0). What is the greatest common factor of y and c?
10
Let z be 144/(-32)*(-44)/3. What is the greatest common divisor of 11 and z?
11
Suppose 2*t + 1440 = 4*t. Let x = t - 1050. Let q = 506 + x. What is the greatest common factor of 16 and q?
16
Suppose -6 + 4 = -a. Let n(t) = -a*t - 18*t - 6 + 4*t. Let k be n(-6). What is the greatest common divisor of k and 10?
10
Let y(g) = 2*g**2 - 8*g + 9. Let l be y(4). What is the greatest common factor of 6 and l?
3
Let m = 517 - 341. Let q = -3 + 7. Suppose -11 + 99 = q*n. Calculate the highest common divisor of m and n.
22
Suppose -w = 0, -6*u = -2*u + 5*w + 104. Let x = -18 - u. Calculate the greatest common divisor of x and 32.
8
Let s be (-4)/(-6) - 1/(-3). Suppose 2*f = 2*l + s - 3, 17 = -f + 5*l. Let a be (1 + 9)*(f + 0). Calculate the greatest common divisor of 10 and a.
10
Suppose -2*n + 4 + 92 = 0. What is the highest common divisor of 32 and n?
16
Suppose -5*b + 3*m + 0*m + 15 = 0, -3*b + 5*m + 25 = 0. Suppose 3*z - 97 + 25 = b. Calculate the greatest common factor of z and 12.
12
Let f = 10 + -3. Let n(o) = 6*o - 9. Let x be n(5). Calculate the highest common factor of f and x.
7
Let l(k) = 24*k + 2. Let t(v) be the first derivative of v**2/2 - 3*v + 1. Let a be t(5). Let b be l(a). Calculate the highest common divisor of 10 and b.
10
Let l(v) = -16*v - 3. Let p be l(-3). Calculate the highest common divisor of p and 18.
9
Suppose 2 = -3*k + 5. Suppose 3*a - l + 7 = 0, -a + 6*a + l = -1. Let o(j) = -2*j - 1. Let b be o(a). What is the highest common divisor of b and k?
1
Suppose 3*b = -2*b + 15. Let w = b - 1. What is the greatest common factor of 2 and w?
2
Suppose -v = 2*p - 44, 4*p - 2*p - 44 = 2*v. Calculate the greatest common divisor of p and 44.
22
Suppose 0 = q - 3*d - 30, -6*d + 2*d = 4*q - 56. Suppose 4*l = -3 + 7, -230 = -5*k - 5*l. What is the greatest common factor of k and q?
9
Suppose 0 = -2*y + v + 1, -2*y + 2*v = -2*v + 8. Let w = 23 - y. Calculate the highest common divisor of w and 42.
21
Let y = -7 - -22. Let r be 16/10 - (-2)/5. Suppose -r*j + 4 = 3*b - y, -5*j = b - 54. Calculate the greatest common factor of 55 and j.
11
Suppose -2*b = -0*b - 20. Suppose -2*s + 366 = 4*f - 5*s, 0 = f - 5*s - 100. What is the highest common factor of b and f?
10
Let x be 26 - -1 - 12/4. What is the highest common factor of x and 36?
12
Suppose 24*j + 680 = 28*j. What is the highest common factor of j and 10?
10
Suppose 4*d + 2 = 66. Let z be (-4)/(-2) + 10/5. Let i be 64/z*(5 - 1). What is the greatest common divisor of i and d?
16
Let a be -2 + 26 - (-3 + 5). Suppose 2*v + 107 = o + 2*o, 50 = 2*o + 4*v. Calculate the greatest common divisor of o and a.
11
Let i be 1 + 1 - (-5 + 4 - -1). Calculate the highest common divisor of i and 4.
2
Suppose -b + 1 = -2. Suppose -b*c = -p + 84, 0 = p - 4*c - 41 - 47. Let h(a) = 2*a - 6. Let x be h(7). What is the greatest common factor of x and p?
8
Let n = -2 - -2. Let u be 133 - (1 + 0 + n). What is the highest common factor of u and 12?
12
Suppose -3 = 3*g - 162. Let d = -33 + g. Let x(y) = -100*y**3 + y**2 + 2*y + 1. Let f be x(-1). What is the greatest common factor of d and f?
20
Suppose 4*i - 52 = 4*s, -3*i = 4*s - 2*s + 6. Let q be (-236)/(-6) - 6/s. What is the greatest common factor of q and 16?
8
Let f be (18 + 0)*3/6. Calculate the highest common factor of f and 99.
9
Suppose -u = -3, -5*q - 2*u + 54 = u. Suppose -3*p = 2*p - 315. What is the greatest common divisor of q and p?
9
Suppose 4*q - 376 = 2*q. Let m = q + -84. Suppose 3*v = -v + m. What is the greatest common factor of v and 39?
13
Let i = 124 + -25. What is the highest common divisor of i and 9?
9
Let n be 65/26*6/5. What is the highest common divisor of n and 3?
3
Let w = -3 + 8. Suppose 0 = w*i - t - 35, -3*i = 2*t - 24 - 10. Let z be (18/i)/(1/28). What is the greatest common factor of z and 9?
9
Let m = 18 - 10. Suppose -2*z + 2 = 4*c - 10, 3*z + 2*c - 30 = 0. Suppose 3*r + z = 4*r - v, 4*r - 72 = -2*v. What is the highest common divisor of r and m?
8
Let k = 205 + -145. Let f = -195 + 207. Calculate the highest common divisor of k and f.
12
Suppose -1155 = 5*b - 10*b. Calculate the greatest common divisor of b and 21.
21
Let s(l) be the first derivative of l**2/2 + 2*l + 2. Let c be s(0). Calculate the greatest common divisor of c and 12.
2
Let k = 16 + -9. Suppose j = -k - 8. Let s be (j/(-2))/(2/12). What is the greatest common divisor of 5 and s?
5
Let c be ((-6)/(-5))/((-6)/(-1360)). Let r = c + -194. Calculate the greatest common factor of 26 and r.
26
Suppose -4*z = -3*r - 37, 2*z = -3*r + 15 + 8. Calculate the greatest common factor of z and 70.
10
Let v(w) = -2*w + 10. Let d be v(-8). Suppose -5*y - 1 = r - 191, -5*r - 103 = -2*y. Calculate the greatest common factor of y and d.
13
Suppose -4*s + 5*y = -372, 5*s - 491 = -4*y + 15. What is the highest common factor of 28 and s?
14
Suppose -1 + 11 = f. Suppose -22 = -3*c + 68. What is the greatest common divisor of f and c?
10
Let r be 73 - (0 - 1/(-1)). Let z(n) = -n + 15. Let m be z(7). What is the highest common factor of m and r?
8
Let g(p) = 7*p**3 + p**2 - p + 1. Suppose -3*l = -0*l - 9. Let n = l - 2. Let o be g(n). What is the greatest common divisor of o and 1?
1
Let n = -39 + 47. Calculate the highest common divisor of 32 and n.
8
Suppose -4*p - 206 = -6. Let b = p - -86. Suppose -13 - 3 = -4*l. Calculate the highest common divisor of b and l.
4
Suppose 24 = -4*o - 0*o. Let z(i) = -i**3 - 5*i**2 - 2*i + 2. Let y be z(o). Calculate the highest common factor of y and 10.
10
Let m be 10*((-2)/1 - -19). Calculate the highest common divisor of m and 34.
34
Let g = 27 - 15. Let l be (-1 - -3) + -2 + 1. Let w(q) = 13*q**3 - 1. Let b be w(l). What is the greatest common factor of b and g?
12
Suppose -2*s = -3*n + 23 + 499, -s + 696 = 4*n. What is the greatest common divisor of 58 and n?
58
Suppose 80 = 4*v + v. Suppose 0*r + v = 4*r. Let b be (9/12)/(3/16). Calculate the greatest common factor of b and r.
4
Let x = 25 - 22. What is the greatest common divisor of